s 48 divide 1074074211?
False
Is 112833349 a multiple of 292?
False
Is 443 a factor of 2468184394?
False
Is 112 a factor of 11838848?
True
Is 342 a factor of 63312750?
True
Does 280 divide 229033000?
True
Is 256248237 a multiple of 5160?
False
Is 2035746840 a multiple of 15?
True
Is 99 a factor of 53604441?
True
Does 8 divide 55151821?
False
Does 1265 divide 38997420?
True
Is 9636 a factor of 1444099140?
True
Is 2469902899 a multiple of 176?
False
Is 207 a factor of 541619784?
False
Does 11 divide 1915248859?
False
Is 716831515 a multiple of 5?
True
Does 571 divide 2873263435?
True
Does 18 divide 3595680?
True
Does 7 divide 259861?
True
Is 376741080 a multiple of 30?
True
Does 67 divide 4563290806?
True
Is 21071152 a multiple of 38?
True
Is 102764223 a multiple of 691?
False
Does 126 divide 1918195?
False
Is 7 a factor of 48427890?
True
Is 31482980 a multiple of 95?
False
Does 49 divide 23146081?
True
Is 15714639 a multiple of 13?
False
Is 3 a factor of 24189216?
True
Does 285 divide 93441845?
False
Is 186 a factor of 17823450?
True
Does 9 divide 873865818?
True
Is 107096572 a multiple of 375?
False
Is 567 a factor of 1750758207?
False
Is 1031793526 a multiple of 2703?
False
Is 962 a factor of 268014162?
True
Is 408 a factor of 2840496?
True
Is 53 a factor of 15973617?
True
Is 165 a factor of 53050210?
False
Does 144 divide 28038096?
True
Is 41 a factor of 554689?
True
Is 67 a factor of 175914914?
False
Is 746002277 a multiple of 433?
True
Is 2016570923 a multiple of 15?
False
Does 93 divide 7595124?
True
Is 129704442 a multiple of 14?
True
Is 55518431 a multiple of 127?
True
Is 155 a factor of 34122630?
True
Does 1218 divide 42197610?
True
Does 116 divide 226458088?
False
Is 11135009 a multiple of 1263?
False
Does 108 divide 282946193?
False
Is 1614240312 a multiple of 465?
False
Is 3798980340 a multiple of 11910?
True
Is 20611140 a multiple of 28?
False
Does 3400 divide 99129431?
False
Does 1514 divide 2643352?
False
Does 109 divide 46793155?
True
Is 19 a factor of 139542441?
True
Is 15 a factor of 141702615?
True
Is 690245220 a multiple of 2888?
False
Is 15177099 a multiple of 7?
True
Is 117934280 a multiple of 308?
False
Is 709132625 a multiple of 782?
False
Is 1537 a factor of 13226042?
False
Is 9 a factor of 537119131?
False
Is 204 a factor of 2794721?
False
Is 42 a factor of 9878064?
True
Is 2417051688 a multiple of 6?
True
Is 364248573 a multiple of 2155?
False
Is 145 a factor of 85480110?
True
Does 15 divide 58917817?
False
Is 48984168 a multiple of 3?
True
Is 19 a factor of 209326686?
True
Does 1849 divide 161497207?
True
Is 18 a factor of 89663796?
True
Is 249278212 a multiple of 4?
True
Does 1060 divide 798643960?
False
Does 8 divide 229724496?
True
Does 81 divide 104328?
True
Does 7 divide 6417305?
False
Does 28 divide 11446560?
False
Is 338925540 a multiple of 10?
True
Is 6865 a factor of 242177874?
False
Is 187 a factor of 4255656614?
True
Is 243 a factor of 46056762?
True
Is 372 a factor of 41551656?
True
Does 60 divide 487225740?
True
Is 18327166 a multiple of 1291?
False
Does 45 divide 46484440?
False
Is 445 a factor of 662859752?
False
Does 15 divide 8213763?
False
Is 5 a factor of 110433659?
False
Does 8 divide 701000440?
True
Is 375305315 a multiple of 655?
False
Is 4975 a factor of 190433050?
True
Is 86 a factor of 47876716?
True
Is 17 a factor of 682580752?
False
Does 2085 divide 1008226834?
False
Is 785515536 a multiple of 78?
True
Does 54 divide 59628738?
False
Is 31600478 a multiple of 7?
True
Is 444 a factor of 727836943?
False
Does 2388 divide 27799738?
False
Does 51 divide 139215321?
False
Does 28 divide 4796743?
False
Is 9 a factor of 3464019?
True
Is 18377476 a multiple of 135?
False
Is 202624227 a multiple of 17?
False
Does 36 divide 54553303?
False
Is 276992376 a multiple of 1038?
True
Does 2708 divide 941471404?
True
Does 329 divide 2507684314?
False
Is 979334639 a multiple of 88?
False
Is 3349636 a multiple of 12?
False
Is 320261796 a multiple of 57?
True
Does 182 divide 120848?
True
Does 68 divide 169936216?
True
Is 188 a factor of 183192547?
False
Is 3661710762 a multiple of 50?
False
Is 13 a factor of 44976326?
False
Is 2056 a factor of 39306608?
True
Is 1586006750 a multiple of 12?
False
Does 36 divide 1397377188?
True
Is 47 a factor of 10209716?
True
Is 45030474 a multiple of 711?
True
Is 12038153 a multiple of 107?
False
Is 1421573 even?
False
Does 12 divide 12525358?
False
Is 27979271 a multiple of 1218?
False
Is 12615224 a multiple of 17?
True
Does 332 divide 14308868?
True
Does 132 divide 336984120?
True
Is 4914 a factor of 253783530?
True
Does 110 divide 53341970?
True
Is 192 a factor of 35515424?
False
Does 329 divide 140617612?
False
Does 152 divide 106709935?
False
Does 556 divide 535606827?
False
Is 60296689 a multiple of 3423?
False
Is 49858860 a multiple of 30?
True
Is 15638436 a multiple of 202?
True
Is 3260669853 a multiple of 123?
True
Does 734 divide 25656970?
True
Does 512 divide 43677184?
True
Is 475 a factor of 50636488?
False
Is 721171176 a multiple of 66?
True
Is 189690126 a multiple of 151?
True
Is 27 a factor of 37767762?
True
Is 6697968 a multiple of 16?
True
Is 1937848440 a multiple of 6177?
True
Is 161678030 a multiple of 59?
False
Does 24 divide 403449512?
False
Is 109 a factor of 921676276?
False
Is 743 a factor of 2425152?
True
Does 118 divide 6091932?
False
Is 1523945252 a multiple of 2458?
True
Is 60630048 a multiple of 186?
True
Is 18 a factor of 539737182?
True
Is 953949199 a multiple of 49?
True
Is 57552945 a multiple of 19?
False
Is 26740763 a multiple of 103?
False
Is 1617672 a multiple of 42?
True
Is 116822987 a multiple of 78?
False
Is 40454946 a multiple of 382?
True
Does 5252 divide 146791889?
False
Is 11749734 a multiple of 101?
True
Is 236 a factor of 43360610?
False
Is 3137592053 a multiple of 959?
False
Is 740145038 a multiple of 55?
False
Is 4126430 a multiple of 385?
True
Does 29 divide 49409823?
True
Does 607 divide 75980618?
True
Is 2843020 a multiple of 20?
True
Does 31 divide 11893305?
True
Does 40 divide 96463520?
True
Is 66541580 a multiple of 2206?
False
Is 261432851 a multiple of 349?
False
Is 213707520 a multiple of 1440?
True
Is 23886486 a multiple of 6?
True
Does 22 divide 510579859?
False
Does 344 divide 1298626400?
False
Is 11 a factor of 22918982?
False
Does 130 divide 15970240?
True
Is 1221647484 a multiple of 354?
False
Is 31 a factor of 257943084?
False
Is 74 a factor of 26867106?
True
Is 603 a factor of 19586076?
False
Is 8742034 a multiple of 19?
False
Is 229 a factor of 852844633?
False
Is 246233988 a multiple of 2574?
True
Is 15300670 a multiple of 70?
True
Is 645247129 a multiple of 1138?
False
Does 17 divide 11603112?
True
Is 15460305 a multiple of 365?
True
Is 92 a factor of 51022318?
False
Is 1179 a factor of 776233667?
False
Is 14 a factor of 108413424?
True
Is 16943972 a multiple of 20?
False
Is 29092192 a multiple of 38?
True
Is 120875955 a multiple of 139?
False
Is 18 a factor of 2439321?
False
Is 3 a factor of 66897191?
False
Is 1427 a factor of 639762629?
True
Does 7 divide 9508256?
False
Does 2208 divide 304875536?
False
Is 62353593 a multiple of 732?
False
Is 351 a factor of 506085101?
False
Is 938450926 a multiple of 133?
True
Does 119 divide 31703099?
False
Is 2 a factor of 96949125?
False
Does 8 divide 528312785?
False
Is 14973558 a multiple of 15?
False
Is 4141044168 a multiple of 9496?
True
Is 441 a factor of 5715801?
True
Does 237 divide 119067727?
False
Is 15967703 a multiple of 20?
False
Does 11 divide 157558104?
True
Does 6 divide 63190722?
True
Is 120586256 a multiple of 259?
True
Is 4036 a factor of 1313746252?
True
Does 558 divide 90118058?
False
Does 53 divide 931881802?
False
Is 1836817526 a multiple of 228?
False
Is 5532024 a multiple of 1038?
False
Is 14 a factor of 57632857?
False
Does 10 divide 49221090?
True
Is 6520483 a multiple of 72?
False
Does 53 divide 430546889?
False
Is 14 a factor of 597816659?
False
Does 42 divide 1063869742?
False
Is 1208 a factor of 523566363?
False
Does 4078 divide 608425366?
True
Is 1693463972 a multiple of 10?
False
Does 8 divide 1496161?
False
Is 517 a factor of 60432700?
False
Is 161 a factor of 54341340?
False
Is 1371 a factor of 583833495?
True
Is 457 a factor of 470219